{"articles":[{"classes":["outercol"],"isFavourite":false,"isExternalUrl":{"articleLink":false},"articleListButtonsData":{"buttonsList":[{"label":"Les mer","url":"\/?id=308389979","type":"readmore"}],"mode":"default"},"favouriteType":null,"mnu":null,"section":null,"displayId":true,"docId":814,"identifier":"814Article","docType":"Article","customDate":false,"teaserData":{"teaserText":"Planlegg ferien n\u00e5","mode":"default"},"content":{"teaser":"Planlegg ferien n\u00e5","intro":""},"titles":{"main":"Brosjyrer","readMoreButton":"Les mer"},"urls":{"readMore":"\/?id=308389979","booking":null},"created":{"date":"12.05.2020","time":"21:04","timestamp":1589310240},"introAllowHtml":false,"hasTicket":false,"extra":{"cbis-activity-product-id":"","cbis-show-in-slideshow":null},"hasReadMore":true,"media":{"imageData":null,"previewImageUrl":"#","imageVariants":[{"path":"#","width":0,"height":0,"aspectRatio":1}],"image":"\/sites\/v\/visitvesteralen.com\/files\/2024\/03\/mockup_kennedit_final_4x5.jpg","aspect":1,"type":"image","description":null},"additionalData":[]},{"classes":["outercol"],"isFavourite":false,"isExternalUrl":{"articleLink":false},"articleListButtonsData":{"buttonsList":[{"label":"Les mer","url":"\/?id=1547769181","type":"readmore"}],"mode":"default"},"favouriteType":null,"mnu":null,"section":null,"displayId":true,"docId":813,"identifier":"813Article","docType":"Article","customDate":false,"teaserData":{"teaserText":"Transport og viktig info","mode":"default"},"content":{"teaser":"Transport og viktig info","intro":""},"titles":{"main":"Reiseinformasjon","readMoreButton":"Les mer"},"urls":{"readMore":"\/?id=1547769181","booking":null},"created":{"date":"12.05.2020","time":"17:30","timestamp":1589297400},"introAllowHtml":false,"hasTicket":false,"extra":{"cbis-activity-product-id":"","cbis-show-in-slideshow":null},"hasReadMore":true,"media":{"imageData":{"path":"\/sites\/v\/visitvesteralen.com\/files\/7413b9d5f0ca173651659c6e272b3704.jpg","width":800,"height":1200,"aspectRatio":0.6666666666666666},"previewImageUrl":"\/sites\/v\/visitvesteralen.com\/files\/7413b9d5f0ca173651659c6e272b3704.jpg?thumbnail=100x&thumbnail=x100&quality=50","imageVariants":[{"path":"\/sites\/v\/visitvesteralen.com\/files\/7413b9d5f0ca173651659c6e272b3704.jpg?thumbnail=100x&quality=75","width":100,"height":150,"aspectRatio":0.6666666666666666},{"path":"\/sites\/v\/visitvesteralen.com\/files\/7413b9d5f0ca173651659c6e272b3704.jpg?thumbnail=200x&quality=75","width":200,"height":300,"aspectRatio":0.6666666666666666},{"path":"\/sites\/v\/visitvesteralen.com\/files\/7413b9d5f0ca173651659c6e272b3704.jpg?thumbnail=400x&quality=75","width":400,"height":600,"aspectRatio":0.6666666666666666},{"path":"\/sites\/v\/visitvesteralen.com\/files\/7413b9d5f0ca173651659c6e272b3704.jpg?thumbnail=600x&quality=75","width":600,"height":900,"aspectRatio":0.6666666666666666},{"path":"\/sites\/v\/visitvesteralen.com\/files\/7413b9d5f0ca173651659c6e272b3704.jpg?quality=75","width":800,"height":1200,"aspectRatio":0.6666666666666666}],"image":"\/sites\/v\/visitvesteralen.com\/files\/7413b9d5f0ca173651659c6e272b3704.jpg","aspect":0.67,"type":"image","description":null},"additionalData":[]},{"classes":["outercol"],"isFavourite":false,"isExternalUrl":{"articleLink":false},"articleListButtonsData":{"buttonsList":[{"label":"Les mer","url":"\/?id=1088143311","type":"readmore"}],"mode":"default"},"favouriteType":null,"mnu":null,"section":null,"displayId":true,"docId":160,"identifier":"160Article","docType":"Article","customDate":false,"teaserData":{"teaserText":"Turistinformasjoner i Vester\u00e5len","mode":"default"},"content":{"teaser":"Turistinformasjoner i Vester\u00e5len","intro":""},"titles":{"main":"Turistinformasjon","readMoreButton":"Les mer"},"urls":{"readMore":"\/?id=1088143311","booking":null},"created":{"date":"12.08.2016","time":"11:34","timestamp":1470994440},"introAllowHtml":false,"hasTicket":false,"extra":null,"hasReadMore":true,"media":{"imageData":{"path":"\/sites\/v\/visitvesteralen.com\/files\/07a6b3a9bf599eadb28ae05a98e3bebd.jpg","width":1181,"height":870,"aspectRatio":1.3574712643678162},"previewImageUrl":"\/sites\/v\/visitvesteralen.com\/files\/07a6b3a9bf599eadb28ae05a98e3bebd.jpg?thumbnail=100x&quality=50","imageVariants":[{"path":"\/sites\/v\/visitvesteralen.com\/files\/07a6b3a9bf599eadb28ae05a98e3bebd.jpg?thumbnail=100x&quality=75","width":100,"height":74,"aspectRatio":1.3513513513513513},{"path":"\/sites\/v\/visitvesteralen.com\/files\/07a6b3a9bf599eadb28ae05a98e3bebd.jpg?thumbnail=200x&quality=75","width":200,"height":147,"aspectRatio":1.3605442176870748},{"path":"\/sites\/v\/visitvesteralen.com\/files\/07a6b3a9bf599eadb28ae05a98e3bebd.jpg?thumbnail=400x&quality=75","width":400,"height":295,"aspectRatio":1.3559322033898304},{"path":"\/sites\/v\/visitvesteralen.com\/files\/07a6b3a9bf599eadb28ae05a98e3bebd.jpg?thumbnail=600x&quality=75","width":600,"height":442,"aspectRatio":1.3574660633484164},{"path":"\/sites\/v\/visitvesteralen.com\/files\/07a6b3a9bf599eadb28ae05a98e3bebd.jpg?thumbnail=800x&quality=75","width":800,"height":589,"aspectRatio":1.3582342954159592},{"path":"\/sites\/v\/visitvesteralen.com\/files\/07a6b3a9bf599eadb28ae05a98e3bebd.jpg?thumbnail=1000x&quality=75","width":1000,"height":737,"aspectRatio":1.3568521031207599},{"path":"\/sites\/v\/visitvesteralen.com\/files\/07a6b3a9bf599eadb28ae05a98e3bebd.jpg?quality=75","width":1181,"height":870,"aspectRatio":1.3574712643678162}],"image":"\/sites\/v\/visitvesteralen.com\/files\/07a6b3a9bf599eadb28ae05a98e3bebd.jpg","aspect":1.3513513513513513,"type":"image","description":null},"additionalData":[]},{"classes":["outercol"],"isFavourite":false,"isExternalUrl":{"articleLink":false},"articleListButtonsData":{"buttonsList":[{"label":"Les mer","url":"\/planlegge\/vaer-og-klima","type":"readmore"}],"mode":"default"},"favouriteType":null,"mnu":null,"section":null,"displayId":true,"docId":55,"identifier":"55Article","docType":"Article","customDate":false,"teaserData":{"teaserText":"Rett bekledning","mode":"default"},"content":{"teaser":"Rett bekledning","intro":"Takket v\u00e6re den varme Golfstr\u00f8mmen er klimaet i distriktet \u2013 og landsdelen for \u00f8vrig \u2013 mye mildere enn i andre str\u00f8k i verden p\u00e5 samme breddegrad, som for eksempel Gr\u00f8nland og nordspissen av Alaska."},"titles":{"main":"P\u00e5kledning etter klima","readMoreButton":"Les mer"},"urls":{"readMore":"\/planlegge\/vaer-og-klima","booking":null},"created":{"date":"08.12.2014","time":"10:38","timestamp":1418031480},"introAllowHtml":false,"hasTicket":false,"extra":{"cbis-activity-product-id":"","cbis-show-in-slideshow":null},"hasReadMore":true,"media":{"imageData":{"path":"\/sites\/v\/visitvesteralen.com\/files\/e9c780c5d6400a69877253f6eaae674f.jpg","width":1200,"height":900,"aspectRatio":1.3333333333333333},"previewImageUrl":"\/sites\/v\/visitvesteralen.com\/files\/e9c780c5d6400a69877253f6eaae674f.jpg?thumbnail=100x&quality=50","imageVariants":[{"path":"\/sites\/v\/visitvesteralen.com\/files\/e9c780c5d6400a69877253f6eaae674f.jpg?thumbnail=100x&quality=75","width":100,"height":75,"aspectRatio":1.3333333333333333},{"path":"\/sites\/v\/visitvesteralen.com\/files\/e9c780c5d6400a69877253f6eaae674f.jpg?thumbnail=200x&quality=75","width":200,"height":150,"aspectRatio":1.3333333333333333},{"path":"\/sites\/v\/visitvesteralen.com\/files\/e9c780c5d6400a69877253f6eaae674f.jpg?thumbnail=400x&quality=75","width":400,"height":300,"aspectRatio":1.3333333333333333},{"path":"\/sites\/v\/visitvesteralen.com\/files\/e9c780c5d6400a69877253f6eaae674f.jpg?thumbnail=600x&quality=75","width":600,"height":450,"aspectRatio":1.3333333333333333},{"path":"\/sites\/v\/visitvesteralen.com\/files\/e9c780c5d6400a69877253f6eaae674f.jpg?thumbnail=800x&quality=75","width":800,"height":600,"aspectRatio":1.3333333333333333},{"path":"\/sites\/v\/visitvesteralen.com\/files\/e9c780c5d6400a69877253f6eaae674f.jpg?thumbnail=1000x&quality=75","width":1000,"height":750,"aspectRatio":1.3333333333333333},{"path":"\/sites\/v\/visitvesteralen.com\/files\/e9c780c5d6400a69877253f6eaae674f.jpg?quality=75","width":1200,"height":900,"aspectRatio":1.3333333333333333}],"image":"\/sites\/v\/visitvesteralen.com\/files\/e9c780c5d6400a69877253f6eaae674f.jpg","aspect":1.3333333333333333,"type":"image","description":"Steinar Skaar_Statens vegvesen"},"additionalData":[]},{"classes":["outercol"],"isFavourite":false,"isExternalUrl":{"articleLink":false},"articleListButtonsData":{"buttonsList":[{"label":"Les mer","url":"\/?id=1083933927","type":"readmore"}],"mode":"default"},"favouriteType":null,"mnu":null,"section":null,"displayId":true,"docId":158,"identifier":"158Article","docType":"Article","customDate":false,"teaserData":{"teaserText":"mye nyttig info","mode":"default"},"content":{"teaser":"mye nyttig info","intro":""},"titles":{"main":"Kjekt \u00e5 vite","readMoreButton":"Les mer"},"urls":{"readMore":"\/?id=1083933927","booking":null},"created":{"date":"12.08.2016","time":"11:32","timestamp":1470994320},"introAllowHtml":false,"hasTicket":false,"extra":[],"hasReadMore":true,"media":{"imageData":null,"previewImageUrl":"#","imageVariants":[{"path":"#","width":0,"height":0,"aspectRatio":1}],"image":"\/sites\/v\/visitvesteralen.com\/files\/770665857.jpeg","aspect":1,"type":"image","description":null},"additionalData":[]}],"pages":[1],"currentPage":1,"sections":[]}

Planlegg ferien nå

Turistinformasjoner i Vesterålen

Takket være den varme Golfstrømmen er klimaet i distriktet – og landsdelen for øvrig – mye mildere enn i andre strøk i verden på samme breddegrad, som for eksempel Grønland og nordspissen av Alaska.

Påkledning etter klima

Kjekt å vite
